4 + 5*o + 0*o**3 - 4*o**2. Determine z(-3).
7
Let t(f) = -f**2 - 5*f + 9. Let v(h) = h - 3. Let o be v(-4). What is t(o)?
-5
Let u(v) = 6*v**2 + 2*v + 1. Suppose 2*p - x = 0, p - 2*p - 5*x = -11. Suppose -p = d, d + 5 = -3*y - d. Give u(y).
5
Let j(q) = 2*q**2 - q - 1. Suppose -5*t + 2*f = -f - 30, 0 = 3*f + 15. Suppose t*r = -4*b + 10, -5*b + 3*b + 8 = 3*r. What is j(r)?
5
Let v(m) be the second derivative of -m**4/12 - m**3/2 + 2*m**2 - 2*m. Let d(i) = i**2 + 4*i - 3. Let c be d(-4). Calculate v(c).
4
Let t(s) be the third derivative of s**7/2520 + s**6/180 + s**5/24 - s**4/6 - 2*s**2. Let a(p) be the second derivative of t(p). Determine a(-4).
5
Let y(c) be the third derivative of -c**6/120 - c**5/20 + c**4/3 + 7*c**3/6 - 2*c**2. Suppose 4*i = -12 - 8. What is y(i)?
17
Suppose -2 = -5*n + 38. Let y = -9 + n. Let p(c) = -c**3 + c**2 + c. Calculate p(y).
1
Let m(h) = -2*h**2 - 5*h + 1. Let x(v) = -v**3 + 13*v**2 + 15*v - 18. Let y be x(14). Calculate m(y).
-11
Let n(s) = 14*s**2 - 29*s + 6 + 8*s**2 - 2*s**2 + 6. Let r(y) = 7*y**2 - 10*y + 4. Let i(h) = -6*n(h) + 17*r(h). Determine i(5).
-9
Suppose 0 = -3*f + 2*f + 2. Let b(t) = -t**3 + t + 5. Let j be b(0). Suppose 5 = -f*p - j. Let m(o) = o**3 + 6*o**2 + 7*o + 3. What is m(p)?
-7
Let m be 4 + 3 - (3 - 0). Suppose -2*n + 0*n + m = 0. Let i(s) = -s**2 - s + 2. Let d(g) = 2*g**2 - 2. Let c(a) = 3*d(a) + 4*i(a). What is c(n)?
2
Let w = 24 + -28. Let m(s) = 4*s - 10. Let t(g) = 3*g - 9. Let b(h) = 4*m(h) - 5*t(h). Determine b(w).
1
Suppose -5*y = -2*f - 2, f + 3*y - 14 = -f. Suppose 2*n - 14 = f*z, z = -2*z + 4*n - 23. Let t(j) = 9*j**2 - 1. What is t(z)?
8
Let g(b) = 5 - 4 + b + 5 - 3. Let p = -1 - -5. Determine g(p).
7
Let n(w) be the third derivative of w**6/120 - w**5/20 + w**4/12 + w**3/3 + 12*w**2 + 3*w. Give n(3).
8
Let v(z) = -z**3 - 3*z**2 + z + 3. Suppose a = -3*a + 16. Suppose -4*t = 4*y + 36, 4*y + a*t = y - 32. Calculate v(y).
15
Let r be ((-8)/2)/(0 - -1). Let x(l) = -1 - 4 - 7*l + 2. Let h(s) = 15*s + 6. Let n(q) = 6*h(q) + 13*x(q). Determine n(r).
1
Let w(j) = j**3 + 3*j**2 + 3. Let r be 2/(-6) + 24/(-9). Let u be (2 - (-4)/(-3))*r. Let t be (-2 - 0)*(-3)/u. What is w(t)?
3
Let x(o) = -o**3 + 3*o**2 + 5. Let y(r) = r**2 - r + 1. Let g be y(1). Let u(a) = 22*a**2 - a + 1. Let h be u(g). Let p be h/6 + (-2)/(-6). Determine x(p).
-11
Let a(o) = o - 23. Let n be a(23). Let i(v) be the second derivative of -3*v - 1/2*v**3 + 0 + 1/6*v**4 + n*v**2. What is i(3)?
9
Let p(f) = f - 1. Let r be (-2 - -5*1)*-6. Suppose 0*j + 57 = 4*y - j, -j = 2*y - 21. Let t = r + y. Calculate p(t).
-6
Suppose -2 = -3*o + 4*i, o - 6*o - 12 = i. Let h(c) = 17*c + 15. Suppose 65 = -4*s - s. Let w(u) = -8*u - 7. Let p(m) = s*w(m) - 6*h(m). Give p(o).
-3
Let k(t) = 78*t - 40*t + t**2 + 3 - 45*t. Give k(5).
-7
Suppose 2*x + 3*x = r + 12, -3*x + 18 = 3*r. Suppose -n - 16 = 3*n. Let w be (-5)/(-15) + n/r. Let t(h) = 7*h**2 + h + 1. Determine t(w).
7
Let b(l) be the third derivative of 0*l + 1/3*l**3 + 0 - 1/8*l**4 - 4*l**2. Determine b(-2).
8
Let h = 1 + -6. Let f(v) = -v + 6. Let m(j) = -2*j + 12. Let y(u) = -11*f(u) + 6*m(u). Give y(h).
11
Let p(q) = -2*q + 3. Let m = -11 - -13. Let s be 1 - 2*(-1)/2. Let t be m - 0 - (-4)/s. What is p(t)?
-5
Let g(x) = 7*x**3 - 3*x - 5*x**2 + 5*x - 1 - 3*x. Let i(c) = -4*c**3 + 3*c**2. Let n(y) = -3*g(y) - 5*i(y). Give n(-2).
5
Let l(x) = 3*x - 4. Let k(q) = 4*q - 3. Let y(n) = -2*k(n) + 3*l(n). What is y(3)?
-3
Let k(o) be the third derivative of 5*o**4/24 + o**3/3 - 8*o**2. Calculate k(2).
12
Let p(k) = -4*k**3 - 5*k - 13. Let t = 5 + -3. Let r(v) = v**3 + v + 3. Let j(d) = t*p(d) + 9*r(d). Let g(f) = 2*f + 2. Let o be g(-2). Determine j(o).
-5
Let y = 4 + -3. Let q(n) = 3 - 4 + 1 + y + 3*n. Give q(2).
7
Let l(k) = 14*k + 0 - 15*k + 1. Suppose -1 = -2*t + 11. Suppose 0*r = 2*r - t. Determine l(r).
-2
Suppose 20 = 2*b - 2*f, 5*f = 3*b + 3*f - 25. Let s(u) be the second derivative of -u**3 + 0 - 3/2*u**2 - 5/12*u**4 + 1/20*u**b - 2*u. What is s(6)?
-3
Let m = -3 + 6. Suppose 2*s = -2*k - 10, k - m*s + 31 - 10 = 0. Let z = k - -4. Let f(j) = j**2 + 4*j - 7. Give f(z).
-2
Let d(v) be the third derivative of -v**6/120 + 7*v**5/60 - v**4/4 + v**3/2 + 22*v**2. Determine d(6).
3
Let c = 2 - 2. Let t(d) = 3*d**2 - 5*d + 5. Let u(w) = 5*w**2 - 8*w + 7. Let r(j) = 8*t(j) - 5*u(j). Give r(c).
5
Let g be 4/6 + (-55)/15. Let f(j) = -j**2 - 2*j + 2. Determine f(g).
-1
Let y(j) = -5 + 4*j - 2 - j - 6*j. What is y(-6)?
11
Let d(m) = -m**3 - 6*m**2 - 4*m - 4. Let v(r) = 2*r**3 + 2*r**2 - 1. Let q be v(1). Suppose -5*h + q*h = -4*l - 6, 2*h = l - 6. Give d(h).
-9
Let a be 4*-2*1/2. Let m(l) = -l**3 - 5*l**2 - 6*l - 2. Give m(a).
6
Suppose -2*r + 8 = -2. Let j(k) = 0*k - 3*k + 2 + 2*k**3 - 5*k**2 - k**3 + 0*k. Determine j(r).
-13
Let h = 8 - 10. Let o be 9/6*4/3. Let l(j) = 2*j - o - 4*j**2 + 2*j**2 + 3*j**2. What is l(h)?
-2
Let i be 0/(-6 - -3) + 6. Let v(t) be the third derivative of -1/12*t**4 + 0 - 1/3*t**3 - 1/30*t**5 + 1/120*t**i + t**2 + 0*t. Calculate v(3).
1
Let g(a) = -a**2 + 15*a + 1. Let l be g(15). Let f(o) = -11*o. Calculate f(l).
-11
Let g(y) = 6*y**2 - y - 1. Let u(j) = -j**3 - 6*j**2 + 8*j + 6. Let r be u(-7). Give g(r).
6
Let i(a) = -a - 8. Suppose 0 = -15*w + 7*w - 56. Give i(w).
-1
Let a be 34/(-9) - 8/36. Let j(b) = -b**3 + 16*b**2 - 13*b - 20. Let x be j(15). Let y = a + x. Let k(z) = -z**3 + 6*z**2 - 2*z + 6. Determine k(y).
-6
Let m(l) = 13*l + 17. Let p(s) = 2*s + 1. Let g(o) = m(o) - 6*p(o). Calculate g(-15).
-4
Let u(w) = -w - 2. Let o = 0 + 2. Suppose -o = s + s. Calculate u(s).
-1
Let o(g) = -4*g + 2. Let w be o(2). Let i(t) = -t**3 - 5*t**2 + 7*t. What is i(w)?
-6
Suppose -5*k = b + 1 - 2, -4*b + 20 = 4*k. Suppose 0 = -5*v + 2*v + b. Let q(l) = -v + 1 + 5*l**3 + 2*l**3. Give q(1).
6
Let j(z) = z**3 + 2*z**2 - z - 1. Suppose 3*n + 12 = 3*p, n = 6*n + 3*p - 12. Suppose n = -4*t - 17 + 5. What is j(t)?
-7
Let j = 8 + 1. Let s(r) = -r - r**3 - 9*r**2 + j + 7*r**2 + 3*r**2. Determine s(0).
9
Let x(q) = -q**3 - q**2 + 7*q - 3. Let n(v) = -v**3 + 8*v - 4. Let s(z) = -3*n(z) + 4*x(z). Suppose 4*k + o + 23 = 0, -3*o + 11 = -2*k - 2*k. Calculate s(k).
5
Let c(f) = -2*f - 7. Let o(r) = -r + 1. Let w(t) = -c(t) - 4*o(t). Calculate w(-3).
-15
Let f(i) = i + 9. Suppose -a + 3*a = 5*r + 5, a + 4*r + 17 = 0. Let g(j) be the first derivative of j**2 + 14*j - 10. Let u(q) = a*g(q) + 8*f(q). What is u(4)?
-6
Suppose 2*p + 3 + 3 = -4*a, 3*a + 5*p + 22 = 0. Let c(x) = 14*x**2 + x. Calculate c(a).
15
Let y(i) = 50*i - 2*i**2 + 2 - 100*i + 53*i. Suppose -5*q = -n + 11, 5*q + 8*n - 4*n + 6 = 0. What is y(q)?
-12
Let q(r) be the second derivative of -r**3 - r**2 - 30*r. Determine q(4).
-26
Let r(j) = -4*j**3 - 8*j**2 + 4*j + 3. Let o(d) be the second derivative of d**5/20 + d**4/12 - d**3/6 - d**2/2 - 3*d. Let u(w) = -5*o(w) - r(w). Give u(4).
-10
Suppose -3*i + t = -18, -3*t - 3 = -2*t. Suppose -i*l - 15 = -0*l, -2*l - 27 = 3*o. Let z(w) = -w**2 - 7*w - 7. What is z(o)?
-7
Let i(r) = 1. Let c(u) = -u - 16. Let f(v) = -c(v) - 4*i(v). Suppose -5*s = -5*y - 30, 133*s - 129*s = -2*y - 12. Give f(y).
6
Let w(o) be the first derivative of o**2/2 - 2*o - 3. Let y(p) = -5 - 2 + 2*p + 0*p - p. Let g be y(7). Calculate w(g).
-2
Let b(k) = k**3 - 6*k**2 + 4*k. Let w = 7 + -2. Suppose 5*p = q + 20, -w*p + 2*p + 30 = 3*q. What is b(q)?
-5
Let s(r) = -13*r - 12*r + 3 + 27*r. What is s(5)?
13
Let c(y) = y**2 - 4*y - 10. Suppose -4*q - 14 = 14. Let x(t) = t**2 - 3*t - 9. Let v(i) = q*x(i) + 6*c(i). Determine v(-3).
3
Let b(s) = -3*s**2 + 5*s - 4. Let u(d) = 7*d + 9 - 4 + 2*d**2 - 12*d. Let r(x) = 3*b(x) + 4*u(x). Calculate r(-7).
-6
Let k(d) = -d**3 + 2*d + 2. Let f = 16 - 10. Suppose -6*o - f = -3*o. Determine k(o).
6
Let v(l) = -26*l**3 + 2*l**2 - 5*l + 2. Let c(i) = 13*i**3 - i**2 + 2*i - 1. Let j(t) = -7*c(t) - 3*v(t). Calculate j(-1).
14
Let r(q) = 5*q**2 - 6*q - 1. Let k(u) = -u**2 - 1. Let y(i) = -6*k(i) - r(i). Calculate y(-5).
2
Let q(k) = k**3 + 3*k**2 + k + 2. Suppose h - 2 = -5. Give q(h).
-1
Let z(g) = g**3 - g**2 - 3*g - 6. Let h = 18 - 14. Let w(b) = -b**3 + b**2 + 2*b + 5. Let d(t) = h*z(t) + 5*w(t). Calculate d(1).
-1
Let k(q) = 9*q**3. Let v be k(1). Suppose 2*n + 2*d = 16, 3*d - v 